+ 9639. Calculate d(-20).
39
Let l(b) = 18*b**3 + 2*b**2 - 996*b + 1992. What is l(2)?
152
Let o(s) = -s**2 + 671*s - 101848. What is o(439)?
0
Let u(m) = -8516*m - 16802. Give u(-2).
230
Let r(t) = 423*t**2 - 130*t - 130. Determine r(-1).
423
Let j(l) = 4*l**3 + 13*l**2 - 3013*l - 20402. What is j(-7)?
-46
Let w(v) = v**2 - 887*v - 6276. What is w(-7)?
-18
Let w(p) = 2812*p - 143348. What is w(51)?
64
Let x(n) = 47*n**2 - 702*n - 2894. Give x(-4).
666
Let h(c) = c**2 - 229306*c - 7338823. Give h(-32).
-7
Let k(v) = 19*v**2 - 181*v - 1354. What is k(-7)?
844
Let l(h) = -7*h**2 + 1017*h - 6045. Determine l(6).
-195
Let d(g) = -13*g**2 - 2568*g + 249916. Calculate d(-269).
15
Let w(z) = 3*z**3 + 55*z**2 + 38*z - 213. Determine w(-17).
297
Let w(f) = -3270*f + 71914. What is w(22)?
-26
Let w(s) = -s**2 - 78*s - 757. Give w(-50).
643
Let o(v) = -3*v**3 + 117*v**2 - 1098*v - 690. Calculate o(19).
108
Let c(v) = 301*v**2 - 5097*v - 417. Calculate c(17).
-77
Let q(j) = j**3 + 8*j**2 - 2394*j - 16819. Calculate q(-7).
-12
Let w(h) = 230*h**2 - 13411*h - 13411. Calculate w(-1).
230
Let r(z) = 15*z**2 + 179*z - 1959. What is r(15)?
4101
Let q(i) = -i**2 + 38*i + 1279. Determine q(-23).
-124
Let i(t) = -749*t + 6912. Calculate i(10).
-578
Let i(v) = 16322*v + 146433. Give i(-9).
-465
Let x(k) = -415*k - 37850. Calculate x(-90).
-500
Let n(v) = 2*v**3 + 83*v**2 + 707*v - 31. What is n(-12)?
-19
Let t(l) = 112*l**2 - 109*l + 2. Determine t(2).
232
Let k(l) = -31*l - 1406. Calculate k(-43).
-73
Let n(m) = 2600*m - 12769. Give n(5).
231
Let v(c) = c**2 + 98070*c + 16. Give v(0).
16
Let v(f) = 3222*f - 331872. Calculate v(103).
-6
Let t(r) = -2*r**3 - 365*r**2 - 2761*r - 3859. What is t(-6)?
-1
Let t(d) = -3071*d - 1790394. Determine t(-583).
-1
Let k(v) = 2*v**3 + 59*v**2 - 9739*v - 291264. Calculate k(-30).
6
Let v(z) = 2*z**3 - 48*z**2 - 384*z + 7278. What is v(26)?
-2
Let c(d) = -d**3 + 15*d**2 + 48*d - 141. Calculate c(-6).
327
Let j(x) = -x**3 + 66*x**2 - 1053*x - 373. Calculate j(38).
45
Let s(h) = h**3 + 29*h**2 - 239*h - 2351. Calculate s(-34).
-5
Let n(f) = -3*f**2 - 40*f - 300. What is n(-10)?
-200
Let w(v) = -72*v**2 + 30647*v + 10656. Give w(426).
6
Let r(w) = 143*w - 16000. Determine r(105).
-985
Let x(c) = -8513*c + 876844. What is x(103)?
5
Let t(p) = 27*p**3 + 13*p**2 - 227*p + 706. What is t(4)?
1734
Let s(c) = 2*c**3 - 27*c**2 - 235*c + 261. What is s(19)?
-233
Let u(y) = 1148*y - 18189. Determine u(15).
-969
Let n(o) = -o**2 + 8145*o - 211119. Determine n(26).
-25
Let o(x) = -2024*x + 99253. Calculate o(49).
77
Let g(l) = 1038*l - 15602. What is g(15)?
-32
Let z(f) = -6*f**3 - 194*f**2 - 68*f - 134. Determine z(-32).
-6
Let s(y) = 79024*y + 316099. Give s(-4).
3
Let z(f) = 32*f**3 - 18*f**2 + 76*f - 31. What is z(3)?
899
Let o(k) = 2*k**3 - 125*k**2 - 7757*k - 2025. What is o(101)?
-5
Let z(a) = -a**2 + 57840*a + 1272946. Give z(-22).
-18
Let m(d) = 1120*d - 103954. Determine m(93).
206
Let w(v) = 1060*v + 33623. Calculate w(-31).
763
Let z(f) = 314554*f - 1258197. Calculate z(4).
19
Let r(p) = -2292*p + 66279. What is r(29)?
-189
Let l(h) = 16737*h + 1606763. Give l(-96).
11
Let a(q) = -7*q**2 + 390*q + 1382. Calculate a(59).
25
Let z(u) = -u**3 + 19*u**2 - 20*u - 130. Calculate z(13).
624
Let j(l) = -51798*l + 19320650. Determine j(373).
-4
Let d(l) = -7*l**2 + 357*l - 685. Determine d(49).
1
Let f(c) = -c**3 + 1058*c**2 - 55323*c + 158474. Give f(1003).
0
Let s(q) = 3153*q - 375201. Calculate s(119).
6
Let q(a) = -892*a + 7763. Give q(9).
-265
Let m(f) = 8*f**2 + 993*f - 1601. Determine m(-126).
289
Let y(a) = 1923*a - 17273. Determine y(9).
34
Let u(q) = -q**2 + 756*q + 20313. Calculate u(-26).
-19
Let w(b) = 5*b**2 + 6794*b - 40786. Give w(6).
158
Let y(v) = -4*v**3 - 565*v**2 + 425*v - 151. Determine y(-142).
-9
Let p(i) = 764*i - 2033. Give p(4).
1023
Let r(a) = -1101*a - 39526. What is r(-36)?
110
Let t(j) = -711*j - 4912. Calculate t(-7).
65
Let z(r) = -917*r - 365885. Give z(-399).
-2
Let f(r) = 4*r**3 - 850*r**2 + 448*r - 4853. Calculate f(212).
235
Let b(w) = -4*w**2 - 1336*w + 10912. Give b(-342).
-32
Let o(c) = -c**3 - 3032*c**2 - 558493*c + 393. Determine o(-197).
-1
Let p(b) = -b**2 + 54460*b - 1306454. Calculate p(24).
10
Let s(j) = 73589*j + 1177451. Determine s(-16).
27
Let u(m) = 179*m - 5510. What is u(35)?
755
Let g(f) = 3*f**3 + 157*f**2 - 647*f - 19. Give g(4).
97
Let a(y) = -628*y - 128062. Determine a(-204).
50
Let f(r) = 70*r**2 - 251*r - 1629. Determine f(-6).
2397
Let o(g) = -59*g - 5836. What is o(-101)?
123
Let i(c) = c**3 - 33*c**2 - 1812*c + 60545. Determine i(34).
93
Let n(p) = -15*p**2 + 48*p + 264. What is n(-5)?
-351
Let f(z) = 131*z**2 + 772*z - 64. Determine f(-6).
20
Let l(w) = w**3 + 608*w**2 + 9405*w - 39664. Give l(-592).
0
Let a(p) = -7*p**3 - 15*p**2 + 123*p + 89. Determine a(-5).
-26
Let g(i) = i**3 - 29*i**2 + 178*i + 211. Calculate g(16).
-269
Let t(f) = -233*f**3 - 7653*f**2 + 1188*f - 60. Calculate t(-33).
-60
Let n(j) = 414*j**2 - 36*j + 6. Give n(1).
384
Let s(f) = 13569*f - 420681. Give s(31).
-42
Let r(u) = 218*u - 939. What is r(8)?
805
Let o(n) = -58643*n - 1231522. Calculate o(-21).
-19
Let s(o) = o**3 - 27*o**2 + 114*o - 26. Calculate s(5).
-6
Let o(w) = -3*w**3 + 296*w**2 + 168*w - 6929. Give o(99).
-98
Let a(i) = -86*i + 1095. Give a(8).
407
Let g(t) = t**3 - 324*t**2 + 871*t + 29567. What is g(321)?
35
Let p(j) = -j**2 + 2085*j + 61593. Calculate p(-29).
287
Let p(f) = -5637*f - 270563. Calculate p(-48).
13
Let y(o) = -2*o**3 + 60*o**2 - 338*o + 3350. Determine y(26).
-30
Let v(w) = -1126459*w + 4505823. Give v(4).
-13
Let a(s) = -63603*s + 890449. Determine a(14).
7
Let p(m) = -24*m**3 + 1929*m**2 - 705*m - 1216. What is p(80)?
-16
Let v(r) = -167*r - 8852. What is v(-36)?
-2840
Let k(r) = 11*r**3 - 172*r**2 - 816*r + 12015. What is k(16)?
-17
Let a(s) = -3*s**2 + 361*s - 10212. What is a(73)?
154
Let c(u) = -34*u**2 + 129*u - 103. Determine c(1).
-8
Let l(b) = 5500*b - 16563. Determine l(3).
-63
Let p(g) = -1023096*g - 3069296. Calculate p(-3).
-8
Let n(m) = -8*m**3 - 356*m**2 + 170*m + 710. What is n(-45)?
1160
Let p(d) = 1015567*d - 22342464. Calculate p(22).
10
Let i(o) = -187*o + 38964. Give i(211).
-493
Let w(n) = -76868*n + 614940. Determine w(8).
-4
Let w(r) = -36056*r + 144219. Calculate w(4).
-5
Let t(b) = 6937*b - 6710. Calculate t(1).
227
Let m(b) = -70*b**3 - 1191*b**2 + 4*b - 6. Give m(-17).
-363
Let l(x) = -193*x**2 - x + 220. Give l(0).
220
Let k(r) = r**3 - 160*r**2 - 416*r + 14856. Calculate k(162).
-48
Let r(o) = -o**2 + 5829*o + 246588. Determine r(-42).
6
Let p(i) = -895*i + 66219. What is p(74)?
-11
Let h(z) = z**3 - 40*z**2 - 109*z + 1783. Give h(42).
733
Let b(d) = -1577*d - 121532. Determine b(-77).
-103
Let i(y) = -y**3 - 74*y**2 - 356*y - 750. What is i(-69)?
9
Let w(g) = -2*g**3 + 14*g**2 + 48*g - 113. What is w(9)?
-5
Let m(q) = -81*q**2 - 189*q - 194. Give m(-1).
-86
Let p(z) = -5*z**2 + 177*z + 10170. What is p(-31)?
-122
Let w(f) = 2*f**2 + 65*f - 697. Give w(-40).
-97
Let h(p) = p**2 + 1832*p + 767217. Calculate h(-648).
-15
Let b(t) = 102*t - 1661. What is b(20)?
379
Let h(z) = z**3 + 13*z**2 + 143*z + 1582. What is h(-12)?
10
Let i(f) = 19*f**3 + 46*f**2 + 103*f - 80. Give i(-3).
-488
Let o(n) = n**2 - 214*n + 10254. Calculate o(63).
741
Let f(t) = t**3 - 333*t**2 - 2404*t - 157. Calculate f(-7).
11
Let h(s) = -65*s + 8910. Give h(147).
-645
Let u(s) = 810*s + 7337. What is u(-9)?
47
Let z(b) = -4*b**2 - 38*b - 155. Calculate z(-23).
-1397
Let b(y) = -y**3 - 37*y**2 - 146*y - 392. Determine b(-33).
70
Let b(u) = -502*u + 16318. Calculate b(27).
2764
Let u(z) = -z**2 - 64*z - 958. Determine u(-27).
41
Let a(f) = -2*f**2 - 1696*f - 76797. What is a(-48)?
3
Let l(n) = n**3 + 45*n**2 + 26*n + 12. Determine l(-44).
804
Let k(x) = -x**2 - 260*x - 4350. Calculate k(-17).
-219
Let b(t) = t**3 + 15*t**2 - 702*t - 12075. Give b(-21).
21
Let d(q) = q**3 + 66*q**2 + 68*q + 953. Determine d(-65).
758
Let c(w) = 57*w - 4580. Calculate c(38).
-2414
Let z(h) = -41*h + 5431. Give z(125).
306
Let r(i) = i**3 - 610*i**2 + 1373*i - 95514. Determine r(608).
-58
Let u(t) = t**3 - 88*t**2 + 7*t - 771. Calculate u(88).
-155
Let n(l) = l**3 + 22*l**2 - 9862*l - 14